-22
What is (-2 - 0) + -9 + 1000 + -1004?
-15
What is 8 + -6 - -13 - 12?
3
4 + 1 + 3 + (-11 - 4) + 8
1
What is the value of 14 + -3 + -9 - (1 + (1 - 7))?
7
What is 7 + -3 + (-4 - (3 + -6))?
3
-4 - (1 + (2 - 1 - 8)) - -5
7
What is (11 - 1 - (-54 + 45)) + 1?
20
Calculate -18 + 19 - 6 - -17.
12
What is the value of 10 + 1 + (-2 + -20 - -5 - -15)?
9
Evaluate 1 + -11 - (-186 - -165) - 31.
-20
Calculate (-23 - (32 - 28)) + 17.
-10
Calculate -1 - 8 - (-3 + (-3 - -8)).
-11
Evaluate 8 - (-4 + 7 + -8 - 13).
26
(-6 - 19 - -35) + -6
4
-10 - (-2 - 5 - (-7 - (1 - 3)))
-8
Evaluate (-3 - -2) + -4 + -2 - -1.
-6
What is the value of -11 + (12 - (5 + 19))?
-23
What is 1 - 12 - (1 - 14)?
2
Calculate -59 + 58 - (1 + 0 + 3).
-5
-8 + 6 + (-3 - (5 - 4)) + 2
-4
What is 1 - 6 - (7 + -12 - -8)?
-8
What is the value of -1 - ((0 - 3) + 2) - (1446 - 1451)?
5
Calculate 7 + (-4 - -4 - 4) - -18 - 5.
16
What is (-3 - 0) + 83 + -89 - -21?
12
Calculate (143 - 166 - (-1 + -7)) + 12.
-3
Evaluate -33 + 31 - -5 - (1 - -3).
-1
What is the value of 0 - (9 - (-12 - (2 - 6)))?
-17
What is the value of 25 + -16 + (-1 - 19)?
-11
What is the value of -18 + 2 + 2 - (211 - 214)?
-11
Evaluate -180 + 153 - (-14 - 0).
-13
What is the value of (11 - 1) + ((-4 - 3) + 6 - -2)?
11
Evaluate 5 + 7 + -5 - (-4 - -4).
7
(-4 + -10 - 6) + 8
-12
2 - 1 - (10 + (12 - (1 + 19)))
-1
What is the value of -25 - (-5 + -2 - (0 - -6))?
-12
Calculate (4 - -4) + (6 - 20) + -4.
-10
Calculate 112 + -127 - (-7 + (-1 - -2)).
-9
Calculate 5 - (13 + (-11 - -1) - (0 + -1)).
1
What is (16 + -33 - -10) + -4?
-11
Calculate (0 + 7 - 0) + (1 - (82 - 54)).
-20
Calculate -7 + 9 - (3 + 1).
-2
What is the value of -5 + (7 - (-4 - -7)) + (4 - 0)?
3
Calculate (22 - (-12 - -17)) + -25.
-8
What is (-1 + -6 - (-3 + -8 + 14)) + -1?
-11
Evaluate 6 + -16 + (-10 - (-11 - -3 - -1)).
-13
24 + 1 - (17 + (-17 - -9))
16
What is (4 - (-1 - 2)) + (-48 - -41) + -2?
-2
What is the value of 18 - -8 - 24 - (3 - -14)?
-15
What is -13 + 30 + -26 - -16?
7
Evaluate (-41 - -20 - -6) + 0 + 5.
-10
6 + (2 - (5 - -1)) - (3 - 4)
3
What is (1 - -3) + -3 - (-4 - -8 - 0)?
-3
What is the value of 4 - (-1321 + 1310 + (12 - 1 - 0))?
4
What is the value of (552 - 519) + 2 + -22?
13
Evaluate 6 + -8 + 2 - -9.
9
Evaluate 4 + 4 - (12 - 22) - 4.
14
What is -7 + -20 + -1 - -26?
-2
What is the value of 16 + -5 - 17 - (-1 + -9 - 8)?
12
What is the value of -1 + (-7 - -5 - (2 - (1 - -16)))?
12
2 - (-2 - (-2 + 5)) - 6 - -4
5
2 + (-1 - -1) + -5 + (-37 - -58)
18
Calculate 8 + (9 - (17 - 9)) - 13.
-4
Calculate 54 + 0 + (-49 - -13).
18
Evaluate -32 + (31 + 21 - 16).
4
What is the value of -4 - (-25 - (-5 + -22))?
-6
What is the value of (17 + 2 - (-35 + 43)) + 16?
27
(75 - 64) + (-1 - 2 - -14)
22
Calculate -21 + (17 - (21 + -18)).
-7
(17 - (1 + (-3 - -2) + 8)) + 15
24
Evaluate (-29 - -63) + 47 - 43.
38
What is 26 + 1 + 395 + -405?
17
(17 - -4) + (-18 - -7)
10
Calculate 2 + 10 + (-2 + -2 - (-7 + 9)).
6
Evaluate -3 + -2 - (-1 + 2) - (13107 - 13107).
-6
What is the value of 1 - (2 - -2) - (-33 - -30)?
0
-2 - ((-3 - -2) + -22 + 24) - -3
0
What is the value of (-2 - -14 - 18) + 8?
2
What is 3 + (17 + -3 - 13) - (0 - -1)?
3
(0 + -3 - (7 + -2)) + 3 + -2
-7
What is the value of (3 - 0) + (-1 - -8 - -6) + 15?
31
What is the value of -4 + 0 + -46 + 41 + 8?
-1
0 + (0 - 8) - (-854 - -841)
5
Calculate 3 + 0 - (-2 - (9 - 15 - -3)).
2
Calculate -16 + (2 - -3) + -86 + 73.
-24
What is (-17 + 29 - 25) + (10 - 0)?
-3
What is the value of (0 - 0) + -8 + 13 - (-10 + 1)?
14
What is -8 + (13 - (25 - 24))?
4
What is (-12 - -12) + -23 - -29?
6
What is 8 - (-4 + 6) - 9 - (10 + -8)?
-5
-35 - (-46 + 32) - (2 + -13)
-10
What is the value of (-7 - 2 - (36 + -77)) + (1 - -3)?
36
Evaluate 8 + -279 + 277 + (2 - 9) + 0.
-1
Evaluate 2 + 33 - ((-8 - -11) + 0).
32
Evaluate -11 - (0 - (-1 - -20)).
8
4 - ((-27 + 10 - -8) + 6)
7
What is the value of 1 - 6 - -2 - (10 + -2 + 4)?
-15
What is the value of 10 + -1 + (-6 - 0) + -9?
-6
Calculate (-7 - 1) + (-21 - -20 - (-6 + 18)).
-21
What is the value of (-8 - -3) + ((2 - 1) + 4 - 0)?
0
Evaluate 12 - 25 - (-2 + -11) - -15.
15
Calculate -145 + 140 - (1 + -13).
7
Evaluate 3 + 1 + -20 + (16 - 3).
-3
What is the value of -14 + 34 + -23 - (-13 - -2)?
8
What is the value of 1 - 12 - (12 - (8 + -1) - 4)?
-12
Calculate -165 + 153 - (16 + 4 + -3).
-29
Evaluate 31 - (-28 + 81) - -26.
4
4 - 8 - (2 - (-3 + 6)) - 3
-6
What is -4 - 2 - (9 + (-1 - 7))?
-7
Calculate 0 + 20 - (12 + -21 + 1 + 15).
13
What is the value of 1 - (13 + 35 + -38)?
-9
59 + -75 + (0 - -23) + (2 - -7)
16
What is the value of 19 - (-23 + 17) - 16?
9
What is 5 + 3 + -13 + 58 + -76?
-23
Evaluate 28 + -37 - (13 - -1) - (2 - 6).
-19
3 - (62 + -23) - -19
-17
Calculate -24 - (-15 + -19 - -34).
-24
Evaluate -9 + 6 + 2 + 9.
8
Calculate -32 - 1 - (208 - 231).
-10
Calculate -6 + (-9 - -3) + (25 - -4).
17
Calculate -1 + (4 - ((7 - 0) + -1)) + -2.
-5
Calculate (-1 - 0 - 2) + (13 + -9 - -12).
13
What is -2 + 2 - 6 - (-10 + -5 - -23)?
-14
What is the value of (3 - 9) + -14 - -4?
-16
-28 + 1 + 14 - -16
3
(1 - 24) + 22 - -20
19
Evaluate 21 - ((5 - 28) + 64).
-20
(9 - 6) + 3 + -2 + (9 - 12)
1
Calculate -17 + -1 + 17 + -7.
-8
What is the value of (10 - 26) + (-6 - -18)?
-4
Evaluate (-11 - (0 + -6)) + 0 + 2 + 4.
1
What is the value of -21 + -13 + (4 - 4 - (-10 - -5))?
-29
Evaluate 3 - (4 + (8 - 2) + -13 + 1).
5
What is the value of 0 + 0 - 0 - (-11 + 13 - -2)?
-4
Evaluate 2 - 1 - (7 + -18 + 6).
6
What is -269 + 284 + (4 - 17)?
2
25 + 19 + -36 - 16
-8
What is the value of (-1 - 1) + 2 + -33 + -92 + 101?
-24
Evaluate 4 - (0 + 5) - -1 - (8 + -5).
-3
Calculate -23 - (5 + -12 + (-5 - -11 - 8)).
-14
What is (-11 - (-29 - -14)) + (-6 - (-4 + 5))?
-3
What is (4 - (12 + -7)) + 14 + 2?
15
What is (10 - -1) + (153 - 170)?
-6
What is (53 - (37 + -12)) + -19?
9
What is the value of 1 + (-19 - 24) + 18?
-24
What is 0 + (8 - 2 - (-3 - (-2 - 0)))?
7
Evaluate -60 + -52 + 94 - (0 - 37).
19
What is (6 - 3) + (-22 + 25 - (3 - -3))?
0
Evaluate (-541 - -520) + (1 - 0).
-20
Calculate -14 + (8 + -17 - -11).
-12
Calculate 0 - 20 - -2 - (128 + -137).
-9
What is the value of 10 + (2 - 0) + (-2583 - -2548)?
-23
What is the value of -5 + 7 + 14 - 20?
-4
What is the value of -1 - -6 - (-506 + 503)?
8
What is 21 + (-7 - 19 - -13) + 0?
8
(2 - (1 - -5)) + (391 - 390) + 4
1
What is the value of 9 - ((-14 - (-21 + 2)) + 4)?
0
What is (11 + (2 - 4) - 1) + -6?
2
What is (5 + -15 - (-4 - 3)) + -15?
-18
-1 + -6 + (-11 - 14) + 4
-28
-13 + (-23 - -1) - -17
-18
What is the value of -3 + -16 - ((19 - 4) + -25)?
-9
Evaluate 15 - (-31 - (-29 + -2)).
15
Calculate -16 + (-3 + 50 - 18).
13
-2 + 23 - (-35 + 76)
-20
Calculate -1 - (-4 - -10) - (-3 - -1 - -4).
-9
What is the value of -21 + 10 + 0 - (-11 - -4)?
-4
(-11 - 1) + 19 - 0
7
Calculate 8 + (7 - 12) + -2 + -1 + 3.
3
What is the value of -17 + (5 - (9 + -6) - -4) + -1?
-12
What is -1 - (93 + -92 + 3 + 3)?
-8
What is -36 - (-57 - (37 - 31))?
27
What is (-3 - 0) + -42 + 51 + 13?
19
What is the value of (93 - 88) + -13 + 0?
-8
-13 - (8 - (9 - -1))
-11
0 + 4 - (1 + 4 - (3 - -13))
15
Evaluate (7 - 0 - 4) + (-7 - 8).
-12
-1 + 3 + 4 + 16 + (-5 - -7)
24
14 + 27 + -23 + 0
18
Evaluate (-19 + 0 - -18) + 22.
21
What is the value of (7 - (18 - -9)) + 29?
9
Calculate 0 - (-11 + 8 + -9 + 1 - -10).
1
What is the value of 6 + -6 - (-6 + 6 + -1)?
1
What is 27 + -1 - (-3 - (-6 - -21) - -18)?
26
Calculate -14 + 25 + (2 - 30).
-17
Evaluate -10 - -1 - (-8 - -7) - (-12 - -3).
1
What is the value of -1 + -2 + (15 - (29 + -16))?
-1
What is 54 - 54 - (-1 + (0 - -4) + -6)?
3
Evaluate (0 + -3 + 0 + 3 - 0) + -4.
-4
What is the value of 2 + -5 + 7 + -4 - (-22 + 9)?
13
Evaluate -17 - (-22 - 1) - 18.
-12
What is 0 - (8 - -3) - (-26 - -13)?
2
What is -17 - ((16 - 12) + -30)?
9
Evaluate (67 - 44) + -7 + -16.
0
Evaluate (-10 - -24) + -1 + -22.
-9
What is (4 - -7) + -37 + (11 - 0)?
-15
What is -22 - (59 + -25 - 42)?
-14
What is the value of -2 + 0 + 0 + -1 + 6 + -5?
-2
What is -2 + -7 + 50 + -33 - (4 + -1)?
5
Evaluate -1 - 19 - (1 - (7 + 3)).
-11
What is the value of 57 + -51 + 2 + 3?
11
Evaluate (3 - (4 - 0) - (14 - 11)) + 26.
22
What is the value of -15 + 12 + 4 + -2 + 35?
34
What is the value of 14 + -5 + 2 + -4 + 6?
13
What is -20 - (-7 + 14 + -11)?
-16
Evaluat